**4/12 - 5*w**3/6 + w**2/2 - 236*w. Calculate a(2).
-61
Let j(c) be the second derivative of -c**3/6 - c**2/2 + c. Let w(u) = -4*u**2 + 12*u + 3*u**2 + 5 - 27*u + 26*u. Let q be w(12). Calculate j(q).
6
Let i(h) = -5*h - 9. Let v(t) = -2*t - 16. Let d be v(-5). Let a(j) = 1. Let o(k) = d*a(k) - i(k). Calculate o(-3).
-12
Let h be 22/4 + (-1)/2. Suppose 38 - 13 = h*w. Let o(s) = -935438*s**3 + 467717*s**3 + 5 + 467720*s**3 - 4 - s + 5*s**2 + 6. Determine o(w).
2
Let i(c) = -c + 4. Let g = -18 - -21. Suppose -18 = h - 0*h + 2*x, -g*h - 2*x = 34. Let u be ((-3)/2)/(4/h). Calculate i(u).
1
Let u(p) = p**3 - p - 2. Let c = -65 - -15. Let q = 30 + c. Let l = q + 22. Give u(l).
4
Let z(s) = 39*s**2 - 27*s. Let p(v) = 3*v**2 - 2*v. Let b(k) = 27*p(k) - 2*z(k). Determine b(2).
12
Suppose i - 8 = 3*i, 4*p + 220 = i. Let a be ((-32)/p)/((-2)/(-7)). Let o(l) = -3*l + l**a + l**3 + 2 - 3 + 0. Calculate o(-2).
1
Let i(u) = -u**2 - 5*u - 3. Let o be 6/36 - 22/(-12). Suppose o*a + 12 = 2*w - 0*w, -a - 3*w + 10 = 0. Let g = a - 4. Calculate i(g).
-9
Let q(a) = a**2 + 7*a - 9. Let j(c) = -4*c - 34. Let v be j(-9). Let h be 3*((-6)/9 - v). Give q(h).
-1
Let v(q) = -q**3 + 5*q**2 - 2*q - 2. Suppose -6 = 28*u - 30*u. Suppose -10 = 3*x - 5*i, 2*x + 7*i = 2*i - 15. Let m be ((-1)/u)/(x/75). Calculate v(m).
-12
Let q(l) = -l**3 + 5*l**2 - 4*l + 1. Let p be (-366)/(-2)*2*3/18. Suppose -65*f = -p*f - 12. What is q(f)?
7
Let d(g) = -3*g**2 - 13*g - 14. Let x(b) be the second derivative of b**4/6 + 3*b**3/2 + 9*b**2/2 + 7*b. Let w(o) = -5*d(o) - 8*x(o). What is w(-6)?
4
Let c(m) = m + 3. Let k = -86 + 36. Let n be k/20*18/5. Give c(n).
-6
Let f(c) = -13*c - 128. Suppose -2*v = 65*p - 67*p + 14, -5*v - 41 = -3*p. Determine f(v).
2
Let v(k) = k + 2. Let s(m) = -m**2 - 9*m + 11. Let i be s(-5). Suppose -26*q - 25 = -i*q. What is v(q)?
7
Let h(l) = -2*l**2 + 5*l - 2. Let w be h(3). Let j(i) = 11*i**2 + 17*i + 7. Let f(u) = 7*u**2 + 11*u + 4. Let g(c) = -8*f(c) + 5*j(c). Determine g(w).
-7
Let c be -1 + (12*2)/4. Suppose 4*a + 2*k - 2 = 0, 4*k - c = 4*a - k. Let j(n) = 5*n + 23. Let p(i) = -2*i - 11. Let r(b) = -3*j(b) - 7*p(b). What is r(a)?
8
Suppose -40*t = -57*t - 51. Let f(q) = -q**3 - 2*q**2 + 3*q - 4. What is f(t)?
-4
Let x(v) = -v**2 - 3. Suppose z - c - 10 = -0*z, -5*c = 4*z - 40. Let p be 94/18 + z/(-45). Suppose 0 = 3*l - 2 - 13, p*l - 37 = 4*q. Calculate x(q).
-12
Let i(x) = x**3 + 15*x**2 - 18*x - 12. Let h = -2392 + 2376. Calculate i(h).
20
Suppose 295 = 15*z + 44*z. Let g(a) = a**3 - 3*a**2 - 12*a + 2. What is g(z)?
-8
Let k = 64 + -56. Suppose 4*b + k = -0*b. Let s(c) be the second derivative of c**3/3 - 2*c. Calculate s(b).
-4
Let v(j) = -2*j**2 + 3*j - 1. Suppose 2*b - 6 = -5*h + 12, 4*h - 4 = b. Let t = 154 + -148. Suppose -t = -o - h*o. Determine v(o).
-3
Let m(w) = 5*w - 1. Let f(s) = 31*s. Let d(c) = f(c) - m(c). Calculate d(1).
27
Let h(y) be the second derivative of y**4/12 + 7*y**3/6 - 2*y + 5. Determine h(-9).
18
Let z(d) = 11*d - 47. Let x(y) = 19*y - 565. Let c be x(30). Calculate z(c).
8
Suppose 3*u = -2*h - h + 27, -5*u + 37 = -3*h. Let p(t) = -t**3 + 9*t**2 - 8*t - 1. What is p(u)?
-1
Let a(w) = -2*w - 9. Let c(v) = 2*v + 7. Let b(j) = -3*a(j) - 4*c(j). Calculate b(2).
-5
Let r(v) = 4*v + 1. Let j(h) = 2*h. Let w(b) = 7*j(b) - 3*r(b). Determine w(-2).
-7
Let c(f) be the third derivative of f**4/24 + f**3/6 - 34*f**2. Let d(b) = -b - 15. Let u be d(11). Let o be 4/(-8) + u/(-4). Give c(o).
7
Let c = -1 - 1. Let y(b) = -10*b + 3. Let r(t) = 17*t - 6. Let x(g) = 6*r(g) + 11*y(g). What is x(c)?
13
Let f be (2 + -3)/((-7)/(-77)). Let c(t) = -2*t - 7. What is c(f)?
15
Let x(u) be the first derivative of -1/2*u**2 - 1/6*u**3 - 4 - 2*u. Let w(s) be the first derivative of x(s). Give w(-2).
1
Let q(o) = 7*o - 9. Let c(t) = 4*t - 5. Let w(y) = 11*c(y) - 6*q(y). Let z be (-12)/(-9) - (-2)/3. What is w(z)?
3
Let i(d) = 5*d - 1. Let x = 209 - 210. Determine i(x).
-6
Let w = 5 - 3. Let t(m) = 208374*m - 3 - 3*m**3 + 2*m**3 - 208372*m. Give t(w).
-7
Let z be (-1 - 0)/(2/(-4)). Let i(v) = -v**3 + 3 - 4*v**z - 2*v**2 - 2*v**2 - 6*v. Determine i(-7).
-4
Let n(p) = p - 4. Suppose 20 = 4*q + 4*i, -i + 3 = -2*q + 7. Calculate n(q).
-1
Suppose z = -2*o - 1, -16*o - 11 = -15*o - 3*z. Let f(p) = p - 1. Determine f(o).
-3
Let a(k) = -k**2 - 6*k + 6. Let o(j) = -j**3 + 6*j**2 - 3*j - 10. Let z be o(5). Suppose -3*m - 4*m - 35 = z. Determine a(m).
11
Let v be (-5)/(-15)*-6*(-1)/2. Let w(s) = -6*s. Determine w(v).
-6
Let c(t) = t**3 - 6*t**2 + 7*t - 7. Let u be c(5). Let j = 0 + u. Suppose -2*g + g = v + j, -2*v - 20 = -5*g. Let r(p) = p**3 + 3*p**2 - p - 2. Calculate r(g).
16
Let k be (-1)/(-10) + 2208/320. Let p(r) = r - 8. Give p(k).
-1
Let u be (-6)/5*3300/90. Let p = -50 - u. Let m(j) = j**2 + 6*j + 6. Give m(p).
6
Let k(r) = -r**2 - 8*r - 3. Suppose 5*o = -4*d - 33, 4*d + o + 13 + 16 = 0. Determine k(d).
4
Let m(w) = -2*w - 22. Let o be m(-11). Let b(r) = -5*r**3 - 4*r**2 + r - 22. Let f(d) = 9*d**3 + 7*d**2 - 2*d + 44. Let l(y) = -7*b(y) - 4*f(y). Determine l(o).
-22
Let p(h) = -1. Let u(s) be the first derivative of -3*s**2 - 6*s - 4. Let n(w) = -5*p(w) + u(w). Suppose x + x = 2. Give n(x).
-7
Let o(v) = -11*v + 2. Let k(f) = -4*f + 1. Let y(r) = -17*k(r) + 6*o(r). Give y(-4).
-13
Suppose -2*s = -7 + 5. Let g(b) = s + b + 1 + 0. Determine g(-3).
-1
Let k(i) = 3*i**2 + 17*i + 11. Let d(v) = 4*v**2 + 25*v + 16. Let a(n) = 5*d(n) - 7*k(n). Let s(z) = z**2 + 8*z - 3. Let f be s(-9). Determine a(f).
3
Let v(o) be the second derivative of -o**3/2 - 4*o**2 + 10*o - 3. Let u(z) = -4*z - 8. Suppose 4*a - 15 = a. Let f(w) = a*v(w) - 4*u(w). Give f(6).
-2
Let c(h) = -h**3 + 2*h**2 + 2*h + 9. Let b(p) = -p**3 + 3*p**2 + p + 9. Let n(u) = 4*b(u) - 3*c(u). Suppose -20 = -5*a, 5*a = -8*m + 5*m + 38. What is n(m)?
-3
Suppose 0 = 5*d - 2*p - 4, -4 + 6 = 3*d - p. Let z = -3 + d. Let l(i) be the second derivative of -i**3/6 - i**2/2 + 273*i. Give l(z).
2
Suppose 9 + 3 = 5*r + p, 0 = -4*p - 12. Let a(g) = -7*g + g**r - 1 - 1 - 4*g**2 + 2 - 1. Determine a(5).
-11
Let l(t) = 2*t - 6. Let r = 13 + -14. Let w = r - -11. Let n = 16 - w. Determine l(n).
6
Let a(n) = -n**2 + 8*n - 9. Let r be a(4). Let x(c) = c - r - 2 - 1 + 7. What is x(8)?
5
Suppose 21*n - 13*n = 56. Let y(i) = 2*i**2 - 10*i. Calculate y(n).
28
Let j(n) be the third derivative of -n**7/2520 - n**6/144 - n**5/120 - n**4/8 + 7*n**2. Let a(f) be the second derivative of j(f). Determine a(-4).
3
Let k(r) = -11*r - 55*r + r**2 + 23*r + 5 + 18*r + 20*r. Give k(8).
29
Let f(x) be the first derivative of 0*x**2 - 2/3*x**3 + 1/20*x**5 + 9 - 7*x - 1/4*x**4. Let c(s) be the first derivative of f(s). Determine c(4).
0
Suppose 0 = 5*x + 3*z - 29, 0 = -2*x + z + z + 18. Let y(c) = -3*c + 8*c - c**3 + 10 - 1598*c**2 + 1604*c**2. Determine y(x).
-4
Let d(z) = z**3 - 11*z**2 - z. Suppose 75*m + 154 = 89*m. Calculate d(m).
-11
Let y(l) be the second derivative of 5*l + 0 + l**3 + 3*l**2 + 1/12*l**4. Suppose 8*a = 6*a - 12. Calculate y(a).
6
Suppose -30 = 4*m + m. Suppose 70*d = 66*d + 388. Let b(k) = 99 + k + d - 195. Give b(m).
-5
Let a = 1 + 3. Let j(z) be the first derivative of z**4/12 - z**3 + z**2 - 15*z + 2. Let x(n) be the first derivative of j(n). What is x(a)?
-6
Let q(f) be the third derivative of -f**6/120 + 7*f**5/30 + 11*f**4/24 + 19*f**3/6 + 6*f**2 + 20*f. Determine q(15).
-41
Let g(q) be the first derivative of q**3/3 - 5*q**2/2 - q - 6. Let x be g(4). Let m(t) be the first derivative of t**2/2 + 2*t + 2. What is m(x)?
-3
Let f(n) = n + 4. Let y be f(-3). Let x(q) = q - 1. Let m be x(y). Let c(o) = -o + 6 + m - 4. Give c(-5).
7
Suppose 3*a - y + 13 = -0*y, 4*a = 5*y + 1. Let p(q) = -11*q**2 - 2*q - 5. Let g(o) = 10*o**2 + 2*o + 4. Let f(r) = a*g(r) - 5*p(r). What is f(1)?
-6
Let k(j) = j**3 + 6*j**2 + 3*j - 2. Suppose -25 = -r - 4*r. Let o = r - 3. Suppose v - o*t + 3 = 0, -3*v + 0*v = 2*t + 17. Give k(v).
8
Let o(z) be the first derivative of z**2/2 + 4*z + 57. Let b = 8 - 6. Suppose -2*t + 4*n = 0, 14 = -4*n + b. What is o(t)?
-2
Let b(a) = a**2 - 4*a - 6. Let d(t) = 2*t - 11. Let i be d(6). Suppose 3*y + 5*h = -5, -5*y + 4*h = -42 + i. Give b(y).
-1
Let m(a) = -6*a + 43. Suppose -22*i + 114 = -3*i. What is m(i)?
7
Le